ve of 10*a + 1/6*a**3 + 1 - 9*a**2. Calculate i(14).
-4
Let r = 40 - 45. Let b(u) be the third derivative of -18*u**2 + 0 + 1/3*u**3 + 0*u + 7/24*u**4 + 1/60*u**5. Determine b(r).
-8
Let m(c) = -90*c + 57. Let t(g) = 35*g - 28. Let k(f) = 2*m(f) + 5*t(f). Determine k(-6).
4
Let d(g) = g**3 + g**2 - g. Let l = -35 + 35. Suppose -5*p = -l*p + 5. Let q(b) = 7*b**3 + 11*b**2 - b + 4. Let c(r) = p*q(r) + 6*d(r). Determine c(-4).
0
Let o(z) = z**2 + 7*z + 1. Let i(d) be the second derivative of -d**5/20 - d**4/12 - 4*d**3/3 - d**2/2 + 3*d. Let j(r) = -5*i(r) - 6*o(r). Calculate j(-1).
-5
Let k(l) = 2*l**3 + 5*l**2 + 5*l - 1. Let u(f) = -f**2 + 170*f + 1236. Let s be u(-7). Determine k(s).
-25
Suppose -a = 0, -43*r + 5*a - 60 = -48*r. Let l(h) = -h**3 + 11*h**2 + 16*h - 40. Calculate l(r).
8
Let u = 5 + -37. Let j = -26 - u. Let m(l) = l**3 - 3*l**2 + 4*l - 2. Let p(i) = i**3 - 2*i**2 + 5*i - 3. Let w(v) = 4*m(v) - 3*p(v). Determine w(j).
7
Let r be 52/16 - 15/(-20). Suppose 3*t - 2*v - 2*v + 2 = 0, r*t + 4*v - 16 = 0. Let x(y) = 4*y**2 - 3*y. Calculate x(t).
10
Suppose -3*a + f = -5, 4*a + 0*a - 4*f = 20. Suppose a = -y - 5, 0*b + 3*b - y = 8. Let j(q) = q**2 - q + 2. Determine j(b).
2
Let m(h) = 4 + 0*h + h**2 + 4 - 3*h + 1. Let p be m(0). Suppose p*z - 8*z = -3. Let t(a) = a**2 - a - 3. Calculate t(z).
9
Let f(m) be the second derivative of -m**4/12 - 11*m**3/3 + 41*m**2/2 - 4561*m. Give f(-24).
-7
Let v = 1149 + -1155. Let a(f) = 7*f + 18. Determine a(v).
-24
Let w(m) = 113*m**2 + 225*m - 6. Let r be w(-2). Let k(s) = s**3 + 8*s**2 + 6*s + 4. Calculate k(r).
44
Let x = 23 + -13. Let l(j) = 4*j + 2. Let i(s) = -s. Let p(h) = -3*i(h) - l(h). Determine p(x).
-12
Let n(p) = -11*p + 1. Let s(z) = z**3 + 11*z**2 + 8*z + 26. Let o be s(-11). Let x = 35 + o. Let h = 28 + x. Calculate n(h).
-10
Let k(b) be the third derivative of b**5/60 - b**3/6 + 809*b**2 + 3*b. Give k(1).
0
Let d(j) = 2*j**3 - 4*j**2 - 7*j + 7. Let v be d(3). Let x(r) = 7*r - 6. Let p(c) = 3*c - 3. Let i(a) = -5*p(a) + 2*x(a). What is i(v)?
-1
Suppose 4*a + 1272 = 6*c - 8*c, -644 = c - 2*a. Let i = 642 + c. Let o(n) = n**2 - 6*n + 3. Determine o(i).
-5
Let m(h) be the second derivative of h**4/12 + h**3 + 6*h**2 + 3*h + 49. Give m(-2).
4
Suppose w - 62 = 2*l + 5*w, 2*l = -w - 65. Let z = l + 37. Suppose -o - t = -0*o - 3, 5*t = -z*o + 13. Let c(q) = -2*q**2 + 3*q. What is c(o)?
-2
Let j(l) = -l**2 + l - 3. Let f(u) = u**2 - u + 2. Let y(t) = 4*f(t) + 3*j(t). Suppose 0*d - 2*d + 4 = 0, 0 = -5*q - 3*d + 1. Determine y(q).
1
Suppose -20*j + 554 = 414. Let q(w) = -w**2 + 2*w + 24. Give q(j).
-11
Let u(h) = h**2 - 4. Let y be u(3). Suppose 0*l = -y*l. Let x(c) = 14*c**2 + 5*c - 8. Let q(r) = 3*r**2 + r + 1. Let j(w) = -5*q(w) + x(w). Determine j(l).
-13
Let m(r) be the first derivative of -11*r**3/3 + 3*r**2 + 3*r - 946. Calculate m(-2).
-53
Let y(l) = -17*l**2 - 512*l - 57. Let m be y(-30). Let x(r) = r**2 - 3*r + 6. Give x(m).
6
Let y(v) be the third derivative of -v**4/24 - v**3 - 425*v**2. Let n = -16 + 8. Let w be y(n). Let o(c) = -c**2 + 4*c - 1. Give o(w).
3
Let q(i) = 2*i**2 + 11*i + 23. Let a = 1667 + -1671. Determine q(a).
11
Suppose -280 = -13*j - 22*j - 5*j. Let t = -10 - -14. Suppose t*c = -j*c - 33. Let w(b) = -b - 5. Give w(c).
-2
Let s be (-7 - (7 - 11))*2. Let i(t) = 2*t**2 + 16*t. Let u(c) = 2*c**2 + 15*c. Let g(k) = 6*i(k) - 7*u(k). Calculate g(s).
-18
Let i(q) = q - 2. Suppose -70*a - 348 - 656 = 396. Determine i(a).
-22
Let h(g) = -13*g - 21. Let o(v) = -29*v - 45. Let r(y) = 7*h(y) - 3*o(y). Determine r(9).
-48
Suppose 1 = 2*l + 23*q - 28*q, -3*l + 5*q = -4. Let w(y) be the third derivative of 0 + 16*y**2 + 0*y - 1/12*y**4 - 1/3*y**l. Give w(-2).
2
Let t(d) = -d**2 - 14*d - 32. Let p(o) = -o**2 - 157*o + 975. Let a be p(6). What is t(a)?
1
Suppose -13*z + 10*z + 21 = 0. Suppose -41 = -8*q + z. Let k(w) = -q*w**2 + 3 + w**3 - 4*w - w + 18*w**2 - 7*w**2. What is k(-6)?
-3
Let i(v) = -6*v**2 + 34*v - 245. Let t(x) = -7*x**2 + 35*x - 308. Let a(n) = 6*i(n) - 5*t(n). Give a(31).
8
Suppose -2*s = 2 + 10. Let i(j) be the second derivative of -9/2*j**2 - j**3 - 25 - 1/20*j**5 - 7/12*j**4 - 2*j. Give i(s).
-9
Let p be -2 - (1182/(-2) + 7). Let j(d) = -d**2 + 8 + 1187*d - 593*d - p*d. Determine j(11).
19
Let p(h) = -h**2 - 5*h + 9. Suppose 3*y + 77*z - 26 = 73*z, 2*y - 5*z = -21. Calculate p(y).
-5
Suppose -51 = 10*y - 81. Suppose y*t - 45 = -54. Let w(s) = s - 9. Determine w(t).
-12
Let v(x) = 27*x**2 - 539*x - 26. Suppose -j + 2*s = -12, 3*j + 2880*s - 56 = 2881*s. Determine v(j).
-6
Let a(u) = -6*u + 1. Let s(q) = 5*q. Let j(i) = 6*a(i) + 5*s(i). Calculate j(-1).
17
Let o(y) = -11*y**2 - 108*y - 32 + 22*y**2 - 6*y**2 - 87*y + 11*y. Determine o(37).
5
Let k(q) be the first derivative of -68 + 0*q + 1/3*q**3 - q**2. Calculate k(4).
8
Let d(s) = 54*s + 16. Suppose 18*n = 13*n + o - 3, 10 = -2*n - 4*o. What is d(n)?
-38
Let z = 524 + -519. Let h(f) = 7*f + 24. Let y(r) = -6*r - 20. Let n(a) = z*h(a) + 6*y(a). Give n(0).
0
Let i be (-5)/(-30)*(2 - -3). Let m(q) be the second derivative of -i*q**3 - 1/12*q**4 + 0 - 5/2*q**2 + 15*q. Give m(-5).
-5
Let t(w) = -5*w + 3. Let v(g) = -34*g + 6. Let o(z) = -6*t(z) + v(z). What is o(-5)?
8
Let d(h) = -254*h**2 + 0 - 12*h + 514*h**2 - 256*h**2 - 2 + 2*h**3. Determine d(-5).
-92
Let v(q) = q - 8. Suppose 8*i + 30 = 118. Let b = i - -10. Suppose 0*k = -2*k + 10, b = 2*a + k. Give v(a).
0
Let p(n) = -9 - 12 - 3 + 18*n**2 + 7*n**2 - 2*n**2 - 158*n. Give p(7).
-3
Let r(p) be the first derivative of 2*p**3/3 + 45*p**2/2 - p + 3864. Determine r(-21).
-64
Let k(z) = -18*z + 211. Let u(f) = -f**2 - 12*f - 20. Let o be u(-8). What is k(o)?
-5
Let o(r) = r**3 + 3*r**2 - 19*r - 7. Let b be o(-6). Let x(n) be the first derivative of 8*n**3/3 - 476. Determine x(b).
8
Let c be ((-150)/(-20))/(3/(-36)). Let h = -86 - c. Let z(k) = 2*k**2 - 3*k + 4. Give z(h).
24
Let y(g) be the second derivative of 1/12*g**4 + 0 - g**3 - 5*g**2 - 128*g. Calculate y(8).
6
Let r = 4 + -6. Let m(u) = 6*u**2 - 4*u - 20. Let a(v) be the first derivative of 4*v**3/3 - 3*v**2/2 - 14*v - 2. Let h(i) = 7*a(i) - 5*m(i). Give h(r).
-4
Let m(b) = 4*b - b**2 + 6*b - 3*b - 5 + b. Let x be 3/15 + (-102)/(-15). Let j be m(x). Let u(w) = 2*w - 3. What is u(j)?
1
Let a(c) = -61*c + 2*c**2 + 85*c + 11*c**2 + 9 - 43*c - c**3 - 3*c**2. Suppose 4*r = -x + 34, -4*x = 3*r + 15 - 47. What is a(r)?
-15
Suppose 0 = -4*w + z - 44 + 22, 4*w = -3*z - 14. Let v(t) = 3*t**2 - 4*t + 2. What is v(w)?
97
Let o(y) be the second derivative of y**4/12 - 13*y**3/6 + 5*y**2 + y - 126. Determine o(11).
-12
Let d(r) = -24*r - 1. Let m be d(-4). Let z = m + -90. Let o(l) = z*l - l**2 - 1 + 2 + 2*l + 3. Give o(7).
4
Let a(h) = -2*h + 6. Let t be a(5). Let o(q) = -31*q - 3. Let f(n) = -69*n - 7. Let p(j) = -4*f(j) + 9*o(j). Give p(t).
13
Let q(i) be the second derivative of 6*i**2 + 1/3*i**3 + 5*i + 0. Calculate q(-8).
-4
Suppose 9*h - h + 9*h = -289. Let g(u) = -u**2 - 20*u - 49. Calculate g(h).
2
Let r(l) be the third derivative of 17*l**5/30 + 5*l**4/4 + l**3/6 + 768*l**2 - 5. Give r(-1).
5
Let f(n) = -24*n + 7. Let r be f(-13). Let j = -304 + r. Let b(i) = -2*i + 13. What is b(j)?
-17
Let n(t) = -6*t + 16. Let o(v) = -10*v + 17. Let l(u) = 5*u - 9. Let g(k) = -13*l(k) - 6*o(k). Let f(y) = -5*g(y) + 4*n(y). Give f(-8).
-19
Suppose 0 = -4*a + w + 287, 5*a - 119 = 3*w + 231. Let j = a + -70. Suppose 14 = 4*q + 2*h, 5 = 2*q + j*h - 0. Let g(b) = b**2 - 5*b + 1. Calculate g(q).
-3
Let a(j) = -2*j + 1. Let i be a(3). Let c(q) = -2845*q + 2852*q + 6 + 0*q**2 + q**2. Give c(i).
-4
Let f(u) = -9*u**2 - 13*u - 17. Let t(o) = -5*o**2 - 5*o - 8. Suppose 2*s + 21 = 15. Let p(x) = s*f(x) + 5*t(x). What is p(-6)?
-1
Let w(h) = 8 + 8*h + 10*h - 22*h + 0*h + 5. Give w(8).
-19
Let k(y) = 12*y**2 - 76*y - 173. Let g be k(8). Let q(x) = 2*x**2 + 27*x + 6. Determine q(g).
-7
Let x(n) be the third derivative of -n**6/120 + 7*n**5/30 - 7*n**4/24 + 44*n**3/3 + 145*n**2 - 7*n. Give x(14).
-10
Let d = -1294 + 1294. Let q(r) be the third derivative of d*r**3 + 3*r**2 + 1/4*r**4 + 0 + 0*r + 1/60*r**5. Give q(-5).
-5
Let p(k) = 3*k**2 - 28*k - 17. Let y be p(10). Suppose 11*b = 19 + y. Let a(x) = -6*x**3 + x**2 - 2*x + 2. Give a(b).
-46